, 5*d + 25 = 0. Calculate the remainder when v is divided by s.
5
Let u be (-1)/(3 - 2 - 0). Let l(c) = -11*c**3 - c**2 + 1. Calculate the remainder when 20 is divided by l(u).
9
Let v(l) = -8*l + 22. Let z(y) = 16*y - 43. Let d(j) = 11*v(j) + 6*z(j). What is the remainder when d(5) is divided by 14?
10
Let t(z) = -z**3 + 4*z**2 + 9*z - 11. Let o be (3 - 2)/(8/40). What is the remainder when 32 is divided by t(o)?
5
Let g(j) = 9*j - 6. What is the remainder when 41 is divided by g(3)?
20
Suppose -7*l = -2*l - 215. Suppose 5 = 3*n - 1. Suppose 4*j = 2*p - 22, -14 - 8 = -n*p - j. Calculate the remainder when l is divided by p.
10
Suppose -2*r - 2*r = 128. Suppose -4*m + 2*z - z = -177, 0 = -m - 3*z + 54. Let c = r + m. Calculate the remainder when 24 is divided by c.
11
Suppose 0*a + 2*a = -18. Let c = 3 - a. Let n = 24 - c. Calculate the remainder when 33 is divided by n.
9
Suppose 31*t - 2530 = 8*t. Calculate the remainder when t is divided by 24.
14
Suppose -29*x = 418 - 1578. Calculate the remainder when 277 is divided by x.
37
Let g = 98 - 45. Let u = -17 + g. Let v = u + -19. What is the remainder when 50 is divided by v?
16
Suppose 4*j - 132 = 40. Let o = j + -13. What is the remainder when 179 is divided by o?
29
Let u(i) = -2*i**2 - 10*i - 12. Let f be u(-4). What is the remainder when (77/f - 2)/(6/(-24)) is divided by 22?
19
Let o(b) = 10*b - 2 - 6*b + 6*b**2 - 5*b - b**3 + 1. What is the remainder when 80 is divided by o(4)?
26
Let s = 40 + -30. Calculate the remainder when 90 is divided by (4 - (-4)/(-4)) + s.
12
Calculate the remainder when 1002/5*20/8 is divided by 21.
18
Suppose -q = 4*q + z - 25, 3*z = q - 21. Suppose -a - a = -q. Suppose 0 = 14*l - 26 - 100. Calculate the remainder when l is divided by a.
0
Let p(t) = t**3 - t**2 - 7*t. Let s be p(5). Suppose -k + s = 4*k + 5*f, 5*f + 16 = 4*k. What is the remainder when 26 is divided by k?
8
Suppose -5*x - 3*x + 432 = 0. Suppose 16*s = 58 + x. What is the remainder when 40 is divided by s?
5
Let c = -141 - -199. Let n = c - 29. Suppose -2*y + 19 = 3. What is the remainder when n is divided by y?
5
Suppose 36 = 2*h + 8. Suppose c - 22 = h. What is the remainder when c is divided by 14?
8
What is the remainder when (-1)/2 - ((-91126)/28)/23 is divided by 8?
5
Suppose -2*j - 9 = -4*x + 19, -4*x = -5*j - 22. What is the remainder when ((-22)/x)/((-15)/120) is divided by -9*(0 + (-2)/3)?
4
Let h be 39*(-2 + 16/12). Let w = 62 + h. Calculate the remainder when w is divided by 20.
16
Let z(b) = b**3 - 35*b**2 - 33*b + 1. Calculate the remainder when z(36) is divided by 57.
52
Let c = -14 + 42. What is the remainder when 279 is divided by c?
27
Let x(c) = -c + 121. What is the remainder when x(-16) is divided by 73?
64
Suppose 4662 = 26*b - 5*b. What is the remainder when b is divided by 56?
54
Let b = 318 + -293. What is the remainder when 173 is divided by b?
23
Suppose -3*c = -1 - 11. Let v = c + 0. What is the remainder when 15 is divided by v?
3
Suppose v + 2*w - 173 = 0, 162*v - 5*w = 159*v + 530. Calculate the remainder when v is divided by 59.
57
Suppose 0 = 3*i - 10 + 10. Suppose 2*v = 10, i = 4*q + 3*v - 8*v + 1. Calculate the remainder when 2/(-7) - 121/(-7) is divided by q.
5
Let v(s) = -13*s - 3. Calculate the remainder when v(-7) is divided by 32.
24
Let l be (9 - (-8 + 4)) + -4. Let k(f) = -f**2 + 11*f - 1. What is the remainder when k(l) is divided by 4?
1
Let b = 92 + -98. Suppose -3*t - 2*j + 7 = -4*j, 2*t + 2*j = 18. Calculate the remainder when 1/2 - 87/b is divided by t.
0
Suppose 3*p - 14 = -2*v, -4*v - 13*p = -12*p - 48. What is the remainder when 35 is divided by v?
9
Let z = -209 + 96. Let i = z - -190. What is the remainder when i is divided by 20?
17
Let o(c) = 2*c**2 + 7*c + 15. Calculate the remainder when o(-6) is divided by ((-26)/65)/((-79)/(-40) + -2).
13
Suppose h - 3*h = 3*r + 71, 0 = -4*r + 2*h - 104. What is the remainder when 0 - -1*89 - 1 is divided by (-4 - 115/r)*25?
13
Suppose -2*c + 19 = -5*o, -5*o - 14 - 7 = -3*c. Suppose c*t + 4*s = -s + 8, -s = -t + 18. What is the remainder when t is divided by 8?
6
Let m(b) = -b**3 - 9*b**2 - 9*b - 4. Let g(i) = -10*i + 23. Calculate the remainder when g(1) is divided by m(-8).
1
Let y be 94/8 + (-1 - 15/(-12)). Suppose 9*p = 6*p + y. Let v = 14 + -10. Calculate the remainder when v is divided by p.
0
Suppose 3*v = -5*j + 141, 0 = 3*v - v + 4*j - 96. Calculate the remainder when 9/((-1)/v*(-5 - -3)) is divided by 24.
21
Suppose s + s - 4 = 0. Suppose 0 = 5*i + 4*n - 58, -6 = -s*n - n. Suppose 2*m = -i + 36. Calculate the remainder when m is divided by 5.
3
Let s(r) = -21*r + 71. Let t be 0/(1 - 0) - 30. What is the remainder when 1/((-1)/(t/2)) is divided by s(3)?
7
Suppose -2 = -6*b + 76. What is the remainder when 25 is divided by b?
12
Let j(h) = -5*h - 5. Suppose -4*p + 20 + 0 = 0, 2*f + 2*p + 20 = 0. Let y be 4/(-5) - (-93)/f. Calculate the remainder when j(y) is divided by 11.
8
Let p(a) = a**3 + a**2 - 3*a - 2. Let m be p(-2). Suppose m = -4*r + 2 + 2. Let c = r - -9. What is the remainder when 29 is divided by c?
9
Calculate the remainder when 982/6 + 135/(-81) is divided by 6.
0
Suppose i - 9 + 2 = 0. Suppose 0*u = -3*u, 8 = y - 4*u. Calculate the remainder when (105/6)/7*y is divided by i.
6
Suppose -5*s - 11 - 11 = -p, 3*p = 2*s + 40. What is the remainder when 43 is divided by p?
7
Let w(k) = -73*k + 1. What is the remainder when w(-1) is divided by 4 + 12 + 8/2 + -1?
17
Suppose 6 = -3*n + y, 5 = -n + 3*y + 3. Let h = n - 0. What is the remainder when -3 - 0 - 36/h is divided by 4?
3
Suppose -3*u = 5*h - 10 - 18, -u = h - 10. Calculate the remainder when 65 is divided by u.
10
Let v = 736 - 395. What is the remainder when v is divided by 15?
11
Let i(g) = -g**2 - g - 1. Let j(o) = 3*o**2 - 10*o - 1. Let d(l) = 4*i(l) + j(l). Let v = 38 + -32. Calculate the remainder when d(-9) is divided by v.
4
Suppose 3*o - 19 = 2*o. Suppose -2*a = 2*c + 6, o = -3*a + 3*c - 8*c. What is the remainder when 7 is divided by (-117)/(-27) + a/(-6)?
3
Let o = 32 - 25. Let a(p) = 3*p - 19. What is the remainder when (-5 - -2)/(0 - 1) is divided by a(o)?
1
Suppose 2*t - 11 = -3*u - 2*t, -2*u + t = 0. Calculate the remainder when 37 is divided by (u/4)/((-3)/(-156)).
11
Let z(y) = 110*y + 16. What is the remainder when z(2) is divided by 30?
26
Let j(y) = y + 16. Let w(i) = -i**3 + 2*i**2 + 6*i - 3. Let d be w(4). What is the remainder when j(d) is divided by -7 - -6 - -3*1?
1
Let i = 26 + -15. Calculate the remainder when 40*(6/4)/3 is divided by i.
9
What is the remainder when 42 is divided by (-3570)/(-459) - 4/(-18)?
2
Let f be (0/(-5) - -4) + 19. Suppose -u = 8 - f. Let d(n) = 2*n**2 - 2*n + 2. Calculate the remainder when d(5) is divided by u.
12
Let g be 1 - (0 - 80 - -2). Suppose -5*y + 3*j = -0*j - g, -5*y = -j - 83. Calculate the remainder when y is divided by 10.
7
Let i(d) be the second derivative of 5*d**3/6 + d**2 - 8*d. Let n be i(2). Suppose 56 = n*u - 8*u. What is the remainder when 53 is divided by u?
11
Let h = -378 + 113. Let i = -168 - h. Calculate the remainder when i is divided by 25.
22
Suppose -5*w = -2*b - 3, -3*w + 0*w = 4*b - 59. Calculate the remainder when 97 is divided by b.
9
Let n(t) = 9*t**3 - t**2 + 4*t - 4. Let q be n(2). Suppose 9*u - 17*u = -q. Let c = 6 + 20. What is the remainder when c is divided by u?
8
Suppose 2*j - 72 = 8. Let s = j + -7. What is the remainder when s is divided by 12?
9
Let f be -3 + 0 + 20/25*10. Suppose -20 = -f*m, 6*m + 225 = 5*y + m. What is the remainder when y is divided by 18?
13
Let v(z) = 4*z - 13. Let j be v(4). Suppose j*q - 26 = 31. Calculate the remainder when 56 is divided by q.
18
Let o = -127 - -194. Let g = -8 + o. What is the remainder when g is divided by 12?
11
Suppose -3*w + 8 = -5*w. What is the remainder when 3*w/12 - -111 is divided by 28?
26
Let x be 268/6 - (-14)/(-21). Let t be 9*(x/6 - -3). Suppose -5*f - 8 = -t. Calculate the remainder when 67 is divided by f.
16
Suppose 5*p - 11 = 349. What is the remainder when p is divided by 23?
3
Let t = 112 + -33. What is the remainder when t is divided by 17?
11
Let y(g) = -g**3 - 4*g**2 + g + 2. Suppose 12*f - 148 = 356. Calculate the remainder when f is divided by y(-5).
20
Suppos